{"id":426,"date":"2021-02-21T14:01:20","date_gmt":"2021-02-21T13:01:20","guid":{"rendered":"https:\/\/cours-corrections-sans-faute.fr\/?page_id=426"},"modified":"2024-02-10T17:43:42","modified_gmt":"2024-02-10T16:43:42","slug":"avis-clients","status":"publish","type":"page","link":"https:\/\/cours-corrections-sans-faute.fr\/index.php\/references-pour-bien-choisir-son-correcteur-ou-son-formateur\/avis-clients\/","title":{"rendered":"Avis clients"},"content":{"rendered":"<p>Un petit floril\u00e8ge des t\u00e9moignages de mes clients sur notre collaboration.<\/p>\n<p>Avis d\u00e9pos\u00e9s sur <a href=\"https:\/\/www.facebook.com\/Sans.faute78\/reviews\/?ref=page_internal\" target=\"_blank\" rel=\"noopener noreferrer\">ma page facebook<\/a>, <a href=\"https:\/\/www.linkedin.com\/in\/anne-laure-gruet-68209618b\/\" target=\"_blank\" rel=\"noopener noreferrer\">mon profil Linkedin<\/a>, <a href=\"https:\/\/g.page\/r\/CbwL8exWorMCEAI\/review\" target=\"_blank\" rel=\"noopener\">ma page Google<\/a> ou envoy\u00e9s par courriel.<\/p>\n<p>Merci \u00e0 tous. Je suis heureuse d&rsquo;avoir pu vous satisfaire et valoriser vos \u00e9crits, fid\u00e8le \u00e0 cette devise : \u00ab Tout ce qui m\u00e9rite d&rsquo;\u00eatre fait, m\u00e9rite d&rsquo;\u00eatre bien fait. \u00bb<\/p>\n<p>J&rsquo;ai \u00e0 c\u0153ur de monter des formations sur mesure, r\u00e9pondant aux besoins et aux demandes des apprenants et je mets tout en \u0153uvre pour vous fournir une correction pr\u00e9cise et compl\u00e8te, annot\u00e9e de nombreuses suggestions, tout en respectant vos choix.\u00a0 J&rsquo;ins\u00e8re toujours des commentaires informatifs pour vous permettre en plus d&rsquo;apprendre.<\/p>\n<p><img loading=\"lazy\" decoding=\"async\" class=\"alignnone wp-image-428\" src=\"https:\/\/cours-corrections-sans-faute.fr\/wp-content\/uploads\/2021\/02\/Avis-1.jpg\" alt=\"\" width=\"452\" height=\"302\" srcset=\"https:\/\/cours-corrections-sans-faute.fr\/wp-content\/uploads\/2021\/02\/Avis-1.jpg 721w, https:\/\/cours-corrections-sans-faute.fr\/wp-content\/uploads\/2021\/02\/Avis-1-300x201.jpg 300w\" sizes=\"auto, (max-width: 452px) 100vw, 452px\" \/> <img loading=\"lazy\" decoding=\"async\" class=\"alignnone wp-image-429\" src=\"https:\/\/cours-corrections-sans-faute.fr\/wp-content\/uploads\/2021\/02\/Avis-2.jpg\" alt=\"\" width=\"449\" height=\"300\" srcset=\"https:\/\/cours-corrections-sans-faute.fr\/wp-content\/uploads\/2021\/02\/Avis-2.jpg 723w, https:\/\/cours-corrections-sans-faute.fr\/wp-content\/uploads\/2021\/02\/Avis-2-300x200.jpg 300w\" sizes=\"auto, (max-width: 449px) 100vw, 449px\" \/> <img loading=\"lazy\" decoding=\"async\" class=\"alignnone wp-image-430\" src=\"https:\/\/cours-corrections-sans-faute.fr\/wp-content\/uploads\/2021\/02\/Avis-3.jpg\" alt=\"\" width=\"448\" height=\"301\" srcset=\"https:\/\/cours-corrections-sans-faute.fr\/wp-content\/uploads\/2021\/02\/Avis-3.jpg 720w, https:\/\/cours-corrections-sans-faute.fr\/wp-content\/uploads\/2021\/02\/Avis-3-300x201.jpg 300w\" sizes=\"auto, (max-width: 448px) 100vw, 448px\" \/> <img loading=\"lazy\" decoding=\"async\" class=\"alignnone wp-image-431\" src=\"https:\/\/cours-corrections-sans-faute.fr\/wp-content\/uploads\/2021\/02\/Avis-4.jpg\" alt=\"\" width=\"451\" height=\"303\" srcset=\"https:\/\/cours-corrections-sans-faute.fr\/wp-content\/uploads\/2021\/02\/Avis-4.jpg 717w, https:\/\/cours-corrections-sans-faute.fr\/wp-content\/uploads\/2021\/02\/Avis-4-300x201.jpg 300w\" sizes=\"auto, (max-width: 451px) 100vw, 451px\" \/> <img loading=\"lazy\" decoding=\"async\" class=\"alignnone wp-image-432\" src=\"https:\/\/cours-corrections-sans-faute.fr\/wp-content\/uploads\/2021\/02\/Avis-5.jpg\" alt=\"\" width=\"448\" height=\"300\" srcset=\"https:\/\/cours-corrections-sans-faute.fr\/wp-content\/uploads\/2021\/02\/Avis-5.jpg 719w, https:\/\/cours-corrections-sans-faute.fr\/wp-content\/uploads\/2021\/02\/Avis-5-300x201.jpg 300w\" sizes=\"auto, (max-width: 448px) 100vw, 448px\" \/> <img loading=\"lazy\" decoding=\"async\" class=\"alignnone wp-image-433\" src=\"https:\/\/cours-corrections-sans-faute.fr\/wp-content\/uploads\/2021\/02\/Avis-6.jpg\" alt=\"\" width=\"445\" height=\"299\" srcset=\"https:\/\/cours-corrections-sans-faute.fr\/wp-content\/uploads\/2021\/02\/Avis-6.jpg 717w, https:\/\/cours-corrections-sans-faute.fr\/wp-content\/uploads\/2021\/02\/Avis-6-300x202.jpg 300w\" sizes=\"auto, (max-width: 445px) 100vw, 445px\" \/> <img loading=\"lazy\" decoding=\"async\" class=\"alignnone wp-image-434\" src=\"https:\/\/cours-corrections-sans-faute.fr\/wp-content\/uploads\/2021\/02\/Avis-7.jpg\" alt=\"\" width=\"448\" height=\"300\" srcset=\"https:\/\/cours-corrections-sans-faute.fr\/wp-content\/uploads\/2021\/02\/Avis-7.jpg 720w, https:\/\/cours-corrections-sans-faute.fr\/wp-content\/uploads\/2021\/02\/Avis-7-300x201.jpg 300w\" sizes=\"auto, (max-width: 448px) 100vw, 448px\" \/> <img loading=\"lazy\" decoding=\"async\" class=\"alignnone wp-image-435\" src=\"https:\/\/cours-corrections-sans-faute.fr\/wp-content\/uploads\/2021\/02\/Avis-8.jpg\" alt=\"\" width=\"443\" height=\"297\" srcset=\"https:\/\/cours-corrections-sans-faute.fr\/wp-content\/uploads\/2021\/02\/Avis-8.jpg 719w, https:\/\/cours-corrections-sans-faute.fr\/wp-content\/uploads\/2021\/02\/Avis-8-300x201.jpg 300w\" sizes=\"auto, (max-width: 443px) 100vw, 443px\" \/> <img loading=\"lazy\" decoding=\"async\" class=\"alignnone wp-image-436\" src=\"https:\/\/cours-corrections-sans-faute.fr\/wp-content\/uploads\/2021\/02\/Avis-9.jpg\" alt=\"\" width=\"446\" height=\"298\" srcset=\"https:\/\/cours-corrections-sans-faute.fr\/wp-content\/uploads\/2021\/02\/Avis-9.jpg 722w, https:\/\/cours-corrections-sans-faute.fr\/wp-content\/uploads\/2021\/02\/Avis-9-300x200.jpg 300w\" sizes=\"auto, (max-width: 446px) 100vw, 446px\" \/> <img loading=\"lazy\" decoding=\"async\" class=\"alignnone wp-image-453\" src=\"https:\/\/cours-corrections-sans-faute.fr\/wp-content\/uploads\/2021\/04\/Avis-10.jpg\" alt=\"\" width=\"441\" height=\"296\" srcset=\"https:\/\/cours-corrections-sans-faute.fr\/wp-content\/uploads\/2021\/04\/Avis-10.jpg 720w, https:\/\/cours-corrections-sans-faute.fr\/wp-content\/uploads\/2021\/04\/Avis-10-300x201.jpg 300w\" sizes=\"auto, (max-width: 441px) 100vw, 441px\" \/><\/p>\n<p><img loading=\"lazy\" decoding=\"async\" class=\"alignnone wp-image-589\" src=\"https:\/\/cours-corrections-sans-faute.fr\/wp-content\/uploads\/2022\/05\/Avis-13.jpg\" alt=\"Avis client sur les formations sur mesure propos\u00e9es par l'organisme\" width=\"443\" height=\"295\" srcset=\"https:\/\/cours-corrections-sans-faute.fr\/wp-content\/uploads\/2022\/05\/Avis-13.jpg 1800w, https:\/\/cours-corrections-sans-faute.fr\/wp-content\/uploads\/2022\/05\/Avis-13-300x200.jpg 300w, https:\/\/cours-corrections-sans-faute.fr\/wp-content\/uploads\/2022\/05\/Avis-13-1024x683.jpg 1024w, https:\/\/cours-corrections-sans-faute.fr\/wp-content\/uploads\/2022\/05\/Avis-13-768x512.jpg 768w, https:\/\/cours-corrections-sans-faute.fr\/wp-content\/uploads\/2022\/05\/Avis-13-1536x1024.jpg 1536w\" sizes=\"auto, (max-width: 443px) 100vw, 443px\" \/> <img loading=\"lazy\" decoding=\"async\" class=\"alignnone wp-image-640\" src=\"https:\/\/cours-corrections-sans-faute.fr\/wp-content\/uploads\/2022\/12\/Avis-14.png\" alt=\"\" width=\"441\" height=\"294\" srcset=\"https:\/\/cours-corrections-sans-faute.fr\/wp-content\/uploads\/2022\/12\/Avis-14.png 1800w, https:\/\/cours-corrections-sans-faute.fr\/wp-content\/uploads\/2022\/12\/Avis-14-300x200.png 300w, https:\/\/cours-corrections-sans-faute.fr\/wp-content\/uploads\/2022\/12\/Avis-14-1024x683.png 1024w, https:\/\/cours-corrections-sans-faute.fr\/wp-content\/uploads\/2022\/12\/Avis-14-768x512.png 768w, https:\/\/cours-corrections-sans-faute.fr\/wp-content\/uploads\/2022\/12\/Avis-14-1536x1024.png 1536w\" sizes=\"auto, (max-width: 441px) 100vw, 441px\" \/><\/p>\n<p><img loading=\"lazy\" decoding=\"async\" class=\"alignnone wp-image-638\" src=\"https:\/\/cours-corrections-sans-faute.fr\/wp-content\/uploads\/2022\/12\/Avis-15.png\" alt=\"\" width=\"438\" height=\"292\" srcset=\"https:\/\/cours-corrections-sans-faute.fr\/wp-content\/uploads\/2022\/12\/Avis-15.png 1800w, https:\/\/cours-corrections-sans-faute.fr\/wp-content\/uploads\/2022\/12\/Avis-15-300x200.png 300w, https:\/\/cours-corrections-sans-faute.fr\/wp-content\/uploads\/2022\/12\/Avis-15-1024x683.png 1024w, https:\/\/cours-corrections-sans-faute.fr\/wp-content\/uploads\/2022\/12\/Avis-15-768x512.png 768w, https:\/\/cours-corrections-sans-faute.fr\/wp-content\/uploads\/2022\/12\/Avis-15-1536x1024.png 1536w\" sizes=\"auto, (max-width: 438px) 100vw, 438px\" \/> <img loading=\"lazy\" decoding=\"async\" class=\"alignnone wp-image-637\" src=\"https:\/\/cours-corrections-sans-faute.fr\/wp-content\/uploads\/2022\/12\/Avis-16.png\" alt=\"\" width=\"437\" height=\"291\" srcset=\"https:\/\/cours-corrections-sans-faute.fr\/wp-content\/uploads\/2022\/12\/Avis-16.png 1800w, https:\/\/cours-corrections-sans-faute.fr\/wp-content\/uploads\/2022\/12\/Avis-16-300x200.png 300w, https:\/\/cours-corrections-sans-faute.fr\/wp-content\/uploads\/2022\/12\/Avis-16-1024x683.png 1024w, https:\/\/cours-corrections-sans-faute.fr\/wp-content\/uploads\/2022\/12\/Avis-16-768x512.png 768w, https:\/\/cours-corrections-sans-faute.fr\/wp-content\/uploads\/2022\/12\/Avis-16-1536x1024.png 1536w\" sizes=\"auto, (max-width: 437px) 100vw, 437px\" \/><\/p>\n<p><img loading=\"lazy\" decoding=\"async\" class=\"alignnone  wp-image-792\" src=\"https:\/\/cours-corrections-sans-faute.fr\/wp-content\/uploads\/2024\/02\/Avis-17.jpg\" alt=\"\" width=\"438\" height=\"292\" srcset=\"https:\/\/cours-corrections-sans-faute.fr\/wp-content\/uploads\/2024\/02\/Avis-17.jpg 1800w, https:\/\/cours-corrections-sans-faute.fr\/wp-content\/uploads\/2024\/02\/Avis-17-300x200.jpg 300w, https:\/\/cours-corrections-sans-faute.fr\/wp-content\/uploads\/2024\/02\/Avis-17-1024x683.jpg 1024w, https:\/\/cours-corrections-sans-faute.fr\/wp-content\/uploads\/2024\/02\/Avis-17-768x512.jpg 768w, https:\/\/cours-corrections-sans-faute.fr\/wp-content\/uploads\/2024\/02\/Avis-17-1536x1024.jpg 1536w\" sizes=\"auto, (max-width: 438px) 100vw, 438px\" \/> <img loading=\"lazy\" decoding=\"async\" class=\"alignnone  wp-image-793\" src=\"https:\/\/cours-corrections-sans-faute.fr\/wp-content\/uploads\/2024\/02\/Avis-18.jpg\" alt=\"\" width=\"437\" height=\"291\" srcset=\"https:\/\/cours-corrections-sans-faute.fr\/wp-content\/uploads\/2024\/02\/Avis-18.jpg 1800w, https:\/\/cours-corrections-sans-faute.fr\/wp-content\/uploads\/2024\/02\/Avis-18-300x200.jpg 300w, https:\/\/cours-corrections-sans-faute.fr\/wp-content\/uploads\/2024\/02\/Avis-18-1024x683.jpg 1024w, https:\/\/cours-corrections-sans-faute.fr\/wp-content\/uploads\/2024\/02\/Avis-18-768x512.jpg 768w, https:\/\/cours-corrections-sans-faute.fr\/wp-content\/uploads\/2024\/02\/Avis-18-1536x1024.jpg 1536w\" sizes=\"auto, (max-width: 437px) 100vw, 437px\" \/><\/p>\n<p><img loading=\"lazy\" decoding=\"async\" class=\"wp-image-791\" src=\"https:\/\/cours-corrections-sans-faute.fr\/wp-content\/uploads\/2024\/02\/Avis-20.png\" alt=\"avis correctrice\" width=\"436\" height=\"290\" srcset=\"https:\/\/cours-corrections-sans-faute.fr\/wp-content\/uploads\/2024\/02\/Avis-20.png 1800w, https:\/\/cours-corrections-sans-faute.fr\/wp-content\/uploads\/2024\/02\/Avis-20-300x200.png 300w, https:\/\/cours-corrections-sans-faute.fr\/wp-content\/uploads\/2024\/02\/Avis-20-1024x683.png 1024w, https:\/\/cours-corrections-sans-faute.fr\/wp-content\/uploads\/2024\/02\/Avis-20-768x512.png 768w, https:\/\/cours-corrections-sans-faute.fr\/wp-content\/uploads\/2024\/02\/Avis-20-1536x1024.png 1536w\" sizes=\"auto, (max-width: 436px) 100vw, 436px\" \/><\/p>\n<p><img loading=\"lazy\" decoding=\"async\" class=\"wp-image-790\" src=\"https:\/\/cours-corrections-sans-faute.fr\/wp-content\/uploads\/2024\/02\/Avis-19.png\" alt=\"avis correction\" width=\"436\" height=\"290\" srcset=\"https:\/\/cours-corrections-sans-faute.fr\/wp-content\/uploads\/2024\/02\/Avis-19.png 1800w, https:\/\/cours-corrections-sans-faute.fr\/wp-content\/uploads\/2024\/02\/Avis-19-300x200.png 300w, https:\/\/cours-corrections-sans-faute.fr\/wp-content\/uploads\/2024\/02\/Avis-19-1024x683.png 1024w, https:\/\/cours-corrections-sans-faute.fr\/wp-content\/uploads\/2024\/02\/Avis-19-768x512.png 768w, https:\/\/cours-corrections-sans-faute.fr\/wp-content\/uploads\/2024\/02\/Avis-19-1536x1024.png 1536w\" sizes=\"auto, (max-width: 436px) 100vw, 436px\" \/><\/p>\n<p>&nbsp;<\/p>\n","protected":false},"excerpt":{"rendered":"<p>Un petit floril\u00e8ge des t\u00e9moignages de mes clients sur notre collaboration. Avis d\u00e9pos\u00e9s sur ma page facebook, mon profil Linkedin, ma page Google ou envoy\u00e9s par courriel. Merci \u00e0 tous. Je suis heureuse d&rsquo;avoir pu vous satisfaire et valoriser vos \u00e9crits, fid\u00e8le \u00e0 cette devise : \u00ab Tout ce qui m\u00e9rite d&rsquo;\u00eatre fait, m\u00e9rite d&rsquo;\u00eatre &#8230; <a title=\"Avis clients\" class=\"read-more\" href=\"https:\/\/cours-corrections-sans-faute.fr\/index.php\/references-pour-bien-choisir-son-correcteur-ou-son-formateur\/avis-clients\/\" aria-label=\"En savoir plus sur Avis clients\">Lire la suite<\/a><\/p>\n","protected":false},"author":1,"featured_media":0,"parent":117,"menu_order":94,"comment_status":"closed","ping_status":"closed","template":"","meta":{"footnotes":""},"class_list":["post-426","page","type-page","status-publish"],"yoast_head":"<!-- This site is optimized with the Yoast SEO plugin v25.9 - https:\/\/yoast.com\/wordpress\/plugins\/seo\/ -->\n<title>Avis clients - Sans-faute<\/title>\n<meta name=\"description\" content=\"avis clients sur les corrections de manuscrits effectu\u00e9es par Sans-faute\" \/>\n<meta name=\"robots\" content=\"index, follow, max-snippet:-1, max-image-preview:large, max-video-preview:-1\" \/>\n<link rel=\"canonical\" href=\"https:\/\/cours-corrections-sans-faute.fr\/index.php\/references-pour-bien-choisir-son-correcteur-ou-son-formateur\/avis-clients\/\" \/>\n<meta property=\"og:locale\" content=\"fr_FR\" \/>\n<meta property=\"og:type\" content=\"article\" \/>\n<meta property=\"og:title\" content=\"Avis clients - Sans-faute\" \/>\n<meta property=\"og:description\" content=\"avis clients sur les corrections de manuscrits effectu\u00e9es par Sans-faute\" \/>\n<meta property=\"og:url\" content=\"https:\/\/cours-corrections-sans-faute.fr\/index.php\/references-pour-bien-choisir-son-correcteur-ou-son-formateur\/avis-clients\/\" \/>\n<meta property=\"og:site_name\" content=\"Sans-faute\" \/>\n<meta property=\"article:publisher\" content=\"https:\/\/www.facebook.com\/Sans.faute78\/\" \/>\n<meta property=\"article:modified_time\" content=\"2024-02-10T16:43:42+00:00\" \/>\n<meta property=\"og:image\" content=\"https:\/\/cours-corrections-sans-faute.fr\/wp-content\/uploads\/2021\/02\/Avis-1.jpg\" \/>\n<meta name=\"twitter:card\" content=\"summary_large_image\" \/>\n<meta name=\"twitter:label1\" content=\"Dur\u00e9e de lecture estim\u00e9e\" \/>\n\t<meta name=\"twitter:data1\" content=\"4 minutes\" \/>\n<script type=\"application\/ld+json\" class=\"yoast-schema-graph\">{\"@context\":\"https:\/\/schema.org\",\"@graph\":[{\"@type\":\"WebPage\",\"@id\":\"https:\/\/cours-corrections-sans-faute.fr\/index.php\/references-pour-bien-choisir-son-correcteur-ou-son-formateur\/avis-clients\/\",\"url\":\"https:\/\/cours-corrections-sans-faute.fr\/index.php\/references-pour-bien-choisir-son-correcteur-ou-son-formateur\/avis-clients\/\",\"name\":\"Avis clients - Sans-faute\",\"isPartOf\":{\"@id\":\"https:\/\/cours-corrections-sans-faute.fr\/#website\"},\"primaryImageOfPage\":{\"@id\":\"https:\/\/cours-corrections-sans-faute.fr\/index.php\/references-pour-bien-choisir-son-correcteur-ou-son-formateur\/avis-clients\/#primaryimage\"},\"image\":{\"@id\":\"https:\/\/cours-corrections-sans-faute.fr\/index.php\/references-pour-bien-choisir-son-correcteur-ou-son-formateur\/avis-clients\/#primaryimage\"},\"thumbnailUrl\":\"https:\/\/cours-corrections-sans-faute.fr\/wp-content\/uploads\/2021\/02\/Avis-1.jpg\",\"datePublished\":\"2021-02-21T13:01:20+00:00\",\"dateModified\":\"2024-02-10T16:43:42+00:00\",\"description\":\"avis clients sur les corrections de manuscrits effectu\u00e9es par Sans-faute\",\"breadcrumb\":{\"@id\":\"https:\/\/cours-corrections-sans-faute.fr\/index.php\/references-pour-bien-choisir-son-correcteur-ou-son-formateur\/avis-clients\/#breadcrumb\"},\"inLanguage\":\"fr-FR\",\"potentialAction\":[{\"@type\":\"ReadAction\",\"target\":[\"https:\/\/cours-corrections-sans-faute.fr\/index.php\/references-pour-bien-choisir-son-correcteur-ou-son-formateur\/avis-clients\/\"]}]},{\"@type\":\"ImageObject\",\"inLanguage\":\"fr-FR\",\"@id\":\"https:\/\/cours-corrections-sans-faute.fr\/index.php\/references-pour-bien-choisir-son-correcteur-ou-son-formateur\/avis-clients\/#primaryimage\",\"url\":\"https:\/\/cours-corrections-sans-faute.fr\/wp-content\/uploads\/2021\/02\/Avis-1.jpg\",\"contentUrl\":\"https:\/\/cours-corrections-sans-faute.fr\/wp-content\/uploads\/2021\/02\/Avis-1.jpg\",\"width\":721,\"height\":482},{\"@type\":\"BreadcrumbList\",\"@id\":\"https:\/\/cours-corrections-sans-faute.fr\/index.php\/references-pour-bien-choisir-son-correcteur-ou-son-formateur\/avis-clients\/#breadcrumb\",\"itemListElement\":[{\"@type\":\"ListItem\",\"position\":1,\"name\":\"Accueil\",\"item\":\"https:\/\/cours-corrections-sans-faute.fr\/\"},{\"@type\":\"ListItem\",\"position\":2,\"name\":\"R\u00e9f\u00e9rences\",\"item\":\"https:\/\/cours-corrections-sans-faute.fr\/index.php\/references-pour-bien-choisir-son-correcteur-ou-son-formateur\/\"},{\"@type\":\"ListItem\",\"position\":3,\"name\":\"Avis clients\"}]},{\"@type\":\"WebSite\",\"@id\":\"https:\/\/cours-corrections-sans-faute.fr\/#website\",\"url\":\"https:\/\/cours-corrections-sans-faute.fr\/\",\"name\":\"Sans-faute\",\"description\":\"Relecture et correction - Formation en orthographe\",\"publisher\":{\"@id\":\"https:\/\/cours-corrections-sans-faute.fr\/#organization\"},\"potentialAction\":[{\"@type\":\"SearchAction\",\"target\":{\"@type\":\"EntryPoint\",\"urlTemplate\":\"https:\/\/cours-corrections-sans-faute.fr\/?s={search_term_string}\"},\"query-input\":{\"@type\":\"PropertyValueSpecification\",\"valueRequired\":true,\"valueName\":\"search_term_string\"}}],\"inLanguage\":\"fr-FR\"},{\"@type\":\"Organization\",\"@id\":\"https:\/\/cours-corrections-sans-faute.fr\/#organization\",\"name\":\"Sans-faute\",\"url\":\"https:\/\/cours-corrections-sans-faute.fr\/\",\"logo\":{\"@type\":\"ImageObject\",\"inLanguage\":\"fr-FR\",\"@id\":\"https:\/\/cours-corrections-sans-faute.fr\/#\/schema\/logo\/image\/\",\"url\":\"https:\/\/cours-corrections-sans-faute.fr\/wp-content\/uploads\/2021\/02\/cropped-logo-correction-et-formation.png\",\"contentUrl\":\"https:\/\/cours-corrections-sans-faute.fr\/wp-content\/uploads\/2021\/02\/cropped-logo-correction-et-formation.png\",\"width\":500,\"height\":155,\"caption\":\"Sans-faute\"},\"image\":{\"@id\":\"https:\/\/cours-corrections-sans-faute.fr\/#\/schema\/logo\/image\/\"},\"sameAs\":[\"https:\/\/www.facebook.com\/Sans.faute78\/\",\"https:\/\/www.instagram.com\/sansfaute1\/\",\"https:\/\/www.linkedin.com\/in\/anne-laure-gruet-68209618b\/\"]}]}<\/script>\n<!-- \/ Yoast SEO plugin. -->","yoast_head_json":{"title":"Avis clients - Sans-faute","description":"avis clients sur les corrections de manuscrits effectu\u00e9es par Sans-faute","robots":{"index":"index","follow":"follow","max-snippet":"max-snippet:-1","max-image-preview":"max-image-preview:large","max-video-preview":"max-video-preview:-1"},"canonical":"https:\/\/cours-corrections-sans-faute.fr\/index.php\/references-pour-bien-choisir-son-correcteur-ou-son-formateur\/avis-clients\/","og_locale":"fr_FR","og_type":"article","og_title":"Avis clients - Sans-faute","og_description":"avis clients sur les corrections de manuscrits effectu\u00e9es par Sans-faute","og_url":"https:\/\/cours-corrections-sans-faute.fr\/index.php\/references-pour-bien-choisir-son-correcteur-ou-son-formateur\/avis-clients\/","og_site_name":"Sans-faute","article_publisher":"https:\/\/www.facebook.com\/Sans.faute78\/","article_modified_time":"2024-02-10T16:43:42+00:00","og_image":[{"url":"https:\/\/cours-corrections-sans-faute.fr\/wp-content\/uploads\/2021\/02\/Avis-1.jpg","type":"","width":"","height":""}],"twitter_card":"summary_large_image","twitter_misc":{"Dur\u00e9e de lecture estim\u00e9e":"4 minutes"},"schema":{"@context":"https:\/\/schema.org","@graph":[{"@type":"WebPage","@id":"https:\/\/cours-corrections-sans-faute.fr\/index.php\/references-pour-bien-choisir-son-correcteur-ou-son-formateur\/avis-clients\/","url":"https:\/\/cours-corrections-sans-faute.fr\/index.php\/references-pour-bien-choisir-son-correcteur-ou-son-formateur\/avis-clients\/","name":"Avis clients - Sans-faute","isPartOf":{"@id":"https:\/\/cours-corrections-sans-faute.fr\/#website"},"primaryImageOfPage":{"@id":"https:\/\/cours-corrections-sans-faute.fr\/index.php\/references-pour-bien-choisir-son-correcteur-ou-son-formateur\/avis-clients\/#primaryimage"},"image":{"@id":"https:\/\/cours-corrections-sans-faute.fr\/index.php\/references-pour-bien-choisir-son-correcteur-ou-son-formateur\/avis-clients\/#primaryimage"},"thumbnailUrl":"https:\/\/cours-corrections-sans-faute.fr\/wp-content\/uploads\/2021\/02\/Avis-1.jpg","datePublished":"2021-02-21T13:01:20+00:00","dateModified":"2024-02-10T16:43:42+00:00","description":"avis clients sur les corrections de manuscrits effectu\u00e9es par Sans-faute","breadcrumb":{"@id":"https:\/\/cours-corrections-sans-faute.fr\/index.php\/references-pour-bien-choisir-son-correcteur-ou-son-formateur\/avis-clients\/#breadcrumb"},"inLanguage":"fr-FR","potentialAction":[{"@type":"ReadAction","target":["https:\/\/cours-corrections-sans-faute.fr\/index.php\/references-pour-bien-choisir-son-correcteur-ou-son-formateur\/avis-clients\/"]}]},{"@type":"ImageObject","inLanguage":"fr-FR","@id":"https:\/\/cours-corrections-sans-faute.fr\/index.php\/references-pour-bien-choisir-son-correcteur-ou-son-formateur\/avis-clients\/#primaryimage","url":"https:\/\/cours-corrections-sans-faute.fr\/wp-content\/uploads\/2021\/02\/Avis-1.jpg","contentUrl":"https:\/\/cours-corrections-sans-faute.fr\/wp-content\/uploads\/2021\/02\/Avis-1.jpg","width":721,"height":482},{"@type":"BreadcrumbList","@id":"https:\/\/cours-corrections-sans-faute.fr\/index.php\/references-pour-bien-choisir-son-correcteur-ou-son-formateur\/avis-clients\/#breadcrumb","itemListElement":[{"@type":"ListItem","position":1,"name":"Accueil","item":"https:\/\/cours-corrections-sans-faute.fr\/"},{"@type":"ListItem","position":2,"name":"R\u00e9f\u00e9rences","item":"https:\/\/cours-corrections-sans-faute.fr\/index.php\/references-pour-bien-choisir-son-correcteur-ou-son-formateur\/"},{"@type":"ListItem","position":3,"name":"Avis clients"}]},{"@type":"WebSite","@id":"https:\/\/cours-corrections-sans-faute.fr\/#website","url":"https:\/\/cours-corrections-sans-faute.fr\/","name":"Sans-faute","description":"Relecture et correction - Formation en orthographe","publisher":{"@id":"https:\/\/cours-corrections-sans-faute.fr\/#organization"},"potentialAction":[{"@type":"SearchAction","target":{"@type":"EntryPoint","urlTemplate":"https:\/\/cours-corrections-sans-faute.fr\/?s={search_term_string}"},"query-input":{"@type":"PropertyValueSpecification","valueRequired":true,"valueName":"search_term_string"}}],"inLanguage":"fr-FR"},{"@type":"Organization","@id":"https:\/\/cours-corrections-sans-faute.fr\/#organization","name":"Sans-faute","url":"https:\/\/cours-corrections-sans-faute.fr\/","logo":{"@type":"ImageObject","inLanguage":"fr-FR","@id":"https:\/\/cours-corrections-sans-faute.fr\/#\/schema\/logo\/image\/","url":"https:\/\/cours-corrections-sans-faute.fr\/wp-content\/uploads\/2021\/02\/cropped-logo-correction-et-formation.png","contentUrl":"https:\/\/cours-corrections-sans-faute.fr\/wp-content\/uploads\/2021\/02\/cropped-logo-correction-et-formation.png","width":500,"height":155,"caption":"Sans-faute"},"image":{"@id":"https:\/\/cours-corrections-sans-faute.fr\/#\/schema\/logo\/image\/"},"sameAs":["https:\/\/www.facebook.com\/Sans.faute78\/","https:\/\/www.instagram.com\/sansfaute1\/","https:\/\/www.linkedin.com\/in\/anne-laure-gruet-68209618b\/"]}]}},"_links":{"self":[{"href":"https:\/\/cours-corrections-sans-faute.fr\/index.php\/wp-json\/wp\/v2\/pages\/426","targetHints":{"allow":["GET"]}}],"collection":[{"href":"https:\/\/cours-corrections-sans-faute.fr\/index.php\/wp-json\/wp\/v2\/pages"}],"about":[{"href":"https:\/\/cours-corrections-sans-faute.fr\/index.php\/wp-json\/wp\/v2\/types\/page"}],"author":[{"embeddable":true,"href":"https:\/\/cours-corrections-sans-faute.fr\/index.php\/wp-json\/wp\/v2\/users\/1"}],"replies":[{"embeddable":true,"href":"https:\/\/cours-corrections-sans-faute.fr\/index.php\/wp-json\/wp\/v2\/comments?post=426"}],"version-history":[{"count":8,"href":"https:\/\/cours-corrections-sans-faute.fr\/index.php\/wp-json\/wp\/v2\/pages\/426\/revisions"}],"predecessor-version":[{"id":794,"href":"https:\/\/cours-corrections-sans-faute.fr\/index.php\/wp-json\/wp\/v2\/pages\/426\/revisions\/794"}],"up":[{"embeddable":true,"href":"https:\/\/cours-corrections-sans-faute.fr\/index.php\/wp-json\/wp\/v2\/pages\/117"}],"wp:attachment":[{"href":"https:\/\/cours-corrections-sans-faute.fr\/index.php\/wp-json\/wp\/v2\/media?parent=426"}],"curies":[{"name":"wp","href":"https:\/\/api.w.org\/{rel}","templated":true}]}}