{"id":731,"date":"2023-10-12T15:06:06","date_gmt":"2023-10-12T13:06:06","guid":{"rendered":"https:\/\/cours-corrections-sans-faute.fr\/?page_id=731"},"modified":"2023-12-14T11:54:46","modified_gmt":"2023-12-14T10:54:46","slug":"preparation-au-certificat-voltaire","status":"publish","type":"page","link":"https:\/\/cours-corrections-sans-faute.fr\/index.php\/cours-et-formation\/preparation-au-certificat-voltaire\/","title":{"rendered":"Pr\u00e9paration au Certificat Voltaire"},"content":{"rendered":"<h2><strong>Optimisez votre r\u00e9ussite au Certificat Voltaire avec une pr\u00e9paration personnalis\u00e9e<\/strong><\/h2>\n<p>Vous r\u00eavez d\u2019atteindre un bon score au Certificat Voltaire et d\u2019attester de vos comp\u00e9tences en orthographe et grammaire\u2009? Pour vous pr\u00e9parer au Certificat Voltaire, vous avez \u00e0 votre disposition la <a href=\"https:\/\/www.certificat-voltaire.fr\/preparer-certificat-voltaire\/\" target=\"_blank\" rel=\"noopener\">plateforme d\u2019entra\u00eenement<\/a> et de nombreux ouvrages. Je recommande l\u2019une comme les autres\u2009!<\/p>\n<p>Mais il n\u2019est <strong>pas toujours facile de se motiver<\/strong>, de comprendre les r\u00e8gles et d\u2019avancer au bon rythme tout seul. Un accompagnement pour se pr\u00e9parer \u00e0 la certification peut \u00eatre utile pour <strong>garder le cap<\/strong>, trouver des <strong>astuces<\/strong> pour m\u00e9moriser ou int\u00e9grer les r\u00e8gles d\u2019orthographe et de grammaire et surtout pour ne pas partir dans tous les sens ni se d\u00e9courager.<\/p>\n<p>Vous \u00eates <strong>\u00e9tudiant en qu\u00eate d\u2019ECTS<\/strong>\u2009? Un <strong>adulte en reconversion professionnelle<\/strong> souhaitant valoriser vos comp\u00e9tences sur votre CV, ou un <strong>professionnel d\u00e9sireux de perfectionner vos \u00e9crits<\/strong> dans le monde du travail\u2009? Vous \u00eates au bon endroit\u2009!<\/p>\n<p>En tant que formatrice ind\u00e9pendante <strong>experte en orthographe et grammaire <a href=\"https:\/\/www.projet-voltaire.fr\/coach-en-orthographe\/\" target=\"_blank\" rel=\"noopener\">recommand\u00e9e par le Projet Voltaire<\/a><\/strong>, je vous propose un <strong>accompagnement sur mesure<\/strong> pour maximiser vos chances de r\u00e9ussite au Certificat Voltaire.<\/p>\n<p>Voici comment je peux vous aider \u00e0 atteindre vos objectifs.<\/p>\n<figure id=\"attachment_738\" aria-describedby=\"caption-attachment-738\" style=\"width: 443px\" class=\"wp-caption aligncenter\"><img loading=\"lazy\" decoding=\"async\" class=\"wp-image-738\" title=\"R\u00e9ussite pr\u00e9paration au Certificat Voltaire\" src=\"https:\/\/cours-corrections-sans-faute.fr\/wp-content\/uploads\/2023\/10\/achievement-5597527_1280.png\" alt=\"Image de r\u00e9ussite pr\u00e9paration au Certificat Voltaire\" width=\"453\" height=\"302\" srcset=\"https:\/\/cours-corrections-sans-faute.fr\/wp-content\/uploads\/2023\/10\/achievement-5597527_1280.png 1280w, https:\/\/cours-corrections-sans-faute.fr\/wp-content\/uploads\/2023\/10\/achievement-5597527_1280-300x200.png 300w, https:\/\/cours-corrections-sans-faute.fr\/wp-content\/uploads\/2023\/10\/achievement-5597527_1280-1024x682.png 1024w, https:\/\/cours-corrections-sans-faute.fr\/wp-content\/uploads\/2023\/10\/achievement-5597527_1280-768x512.png 768w\" sizes=\"auto, (max-width: 453px) 100vw, 453px\" \/><figcaption id=\"caption-attachment-738\" class=\"wp-caption-text\">Image Pixabay<\/figcaption><\/figure>\n<h2><strong>Un coach \u00e0 vos c\u00f4t\u00e9s pour votre pr\u00e9paration au Certificat Voltaire<\/strong><\/h2>\n<p>Pr\u00e9parer le Certificat Voltaire peut \u00eatre une t\u00e2che fastidieuse, d\u00e9courageante, mais avec un accompagnement personnalis\u00e9, vous ne serez jamais seul(e). Je serai votre \u00ab\u00a0coach\u00a0\u00bb, votre guide et votre partenaire tout au long de votre parcours vers la r\u00e9ussite.<\/p>\n<h2><strong>Un programme sur mesure pour vous pr\u00e9parer au Certificat Voltaire<\/strong><\/h2>\n<p>C\u2019est une composante essentielle de l\u2019accompagnement que je propose pour la pr\u00e9paration au Certificat Voltaire. Je personnalise enti\u00e8rement l\u2019approche d\u2019apprentissage en fonction de vos besoins, de votre niveau actuel en orthographe et grammaire, de vos objectifs sp\u00e9cifiques et de votre rythme d\u2019apprentissage.<\/p>\n<p><u>Voici comment cela fonctionne<\/u>\u2009:<\/p>\n<ol start=\"2\">\n<li>\n<h3><span style=\"color: #3366ff;\"><strong>D\u00e9finition des objectifs\u2009:<\/strong><\/span><\/h3>\n<p>au cours d\u2019un entretien, vous exposez <strong>vos objectifs sp\u00e9cifiques concernant le Certificat Voltaire<\/strong>. Vous pr\u00e9cisez si vous visez un score particulier, s\u2019il y a des domaines o\u00f9 vous vous sentez moins \u00e0 l\u2019aise, ou si vous avez une date d\u2019examen en t\u00eate ou d\u00e9j\u00e0 fix\u00e9e.<\/li>\n<\/ol>\n<p>&nbsp;<\/p>\n<ol start=\"2\">\n<li>\n<h3><span style=\"color: #3366ff;\"><strong>\u00c9valuation initiale\u2009:<\/strong><\/span><\/h3>\n<p>il faut alors <strong>d\u00e9finir votre niveau actuel<\/strong> en orthographe et grammaire. Cette \u00e9valuation peut prendre la forme d\u2019un test de diagnostic, d\u2019une discussion orale, ou d\u2019une analyse de vos \u00e9crits ant\u00e9rieurs. L\u2019objectif est de d\u00e9terminer vos points forts et vos faiblesses dans le domaine de l\u2019orthographe et de la grammaire.<\/li>\n<\/ol>\n<p>&nbsp;<\/p>\n<ol start=\"3\">\n<li>\n<h3><span style=\"color: #3366ff;\"><strong>Planification personnalis\u00e9e\u2009:<\/strong><\/span><\/h3>\n<p>une fois que le point de d\u00e9part et l\u2019objectif sont d\u00e9finis, nous pouvons d\u00e9finir le programme. <strong>En fonction de vos disponibilit\u00e9s<\/strong>, de vos \u00e9ch\u00e9ances, du nombre de s\u00e9ances pr\u00e9vues, de la dur\u00e9e souhait\u00e9e pour chaque s\u00e9ance, nous planifions nos sessions de cours, au rythme qui vous convient.<\/li>\n<\/ol>\n<p>Les cours comprennent des parties th\u00e9oriques, beaucoup d\u2019exercices d\u2019application, parfois sous forme de jeu et des entra\u00eenements sur des sujets d\u2019examen. Nous pouvons aussi travailler \u00e0 partir de vos \u00e9crits.<\/p>\n<ol start=\"4\">\n<li>\n<h3><span style=\"color: #3366ff;\"><strong>Adaptation continue\u2009:<\/strong><\/span><\/h3>\n<p>le programme sur mesure n\u2019est pas fig\u00e9. Si vous montrez des progr\u00e8s rapides dans certains domaines, nous pouvons ajuster notre plan pour aborder des sujets plus avanc\u00e9s. \u00c0 l\u2019inverse, si vous rencontrez des difficult\u00e9s dans certaines comp\u00e9tences particuli\u00e8res, nous consacrerons plus de temps \u00e0 les renforcer. L\u2019objectif est de <strong>vous aider \u00e0 atteindre un niveau d\u2019expertise en orthographe et grammaire qui correspond \u00e0 vos objectifs sp\u00e9cifiques<\/strong>.<\/li>\n<\/ol>\n<p>Il ne vous reste plus qu\u2019\u00e0 passer l\u2019examen et \u00e0 m\u2019annoncer fi\u00e8rement votre score deux semaines apr\u00e8s\u2009!<\/p>\n<p>Outre la <strong>fiert\u00e9<\/strong> du score et la <strong>preuve de vos comp\u00e9tences<\/strong> que vous pourrez afficher, vous aurez acquis avec cette pr\u00e9paration des r\u00e9flexes solides qui vous permettront d\u2019<strong>am\u00e9liorer durablement la qualit\u00e9 de vos \u00e9crits professionnels<\/strong>.<\/p>\n<p><a href=\"https:\/\/cours-corrections-sans-faute.fr\/index.php\/contact\/\" target=\"_blank\" rel=\"noopener\">Alors, on travaille ensemble\u00a0?<\/a><\/p>\n<p><a href=\"https:\/\/cours-corrections-sans-faute.fr\/index.php\/contact\/\" target=\"_blank\" rel=\"noopener\"><br \/>\n<img loading=\"lazy\" decoding=\"async\" class=\"aligncenter wp-image-391 size-full\" title=\"Pr\u00e9paration au Certificat Voltaire avec Sans-faute\" src=\"https:\/\/cours-corrections-sans-faute.fr\/wp-content\/uploads\/2021\/02\/bouton-inscription.jpg\" alt=\"Bouton de prise de contact pour pr\u00e9paration au Certificat Voltaire\" width=\"228\" height=\"86\" \/><\/a><\/p>\n<p>Je serai \u00e0 la fois ravie de vous aider et fi\u00e8re de vos progr\u00e8s !<\/p>\n","protected":false},"excerpt":{"rendered":"<p>Optimisez votre r\u00e9ussite au Certificat Voltaire avec une pr\u00e9paration personnalis\u00e9e Vous r\u00eavez d\u2019atteindre un bon score au Certificat Voltaire et d\u2019attester de vos comp\u00e9tences en orthographe et grammaire\u2009? Pour vous pr\u00e9parer au Certificat Voltaire, vous avez \u00e0 votre disposition la plateforme d\u2019entra\u00eenement et de nombreux ouvrages. Je recommande l\u2019une comme les autres\u2009! Mais il n\u2019est &#8230; <a title=\"Pr\u00e9paration au Certificat Voltaire\" class=\"read-more\" href=\"https:\/\/cours-corrections-sans-faute.fr\/index.php\/cours-et-formation\/preparation-au-certificat-voltaire\/\" aria-label=\"En savoir plus sur Pr\u00e9paration au Certificat Voltaire\">Lire la suite<\/a><\/p>\n","protected":false},"author":1,"featured_media":0,"parent":12,"menu_order":30,"comment_status":"closed","ping_status":"closed","template":"","meta":{"footnotes":""},"class_list":["post-731","page","type-page","status-publish"],"yoast_head":"<!-- This site is optimized with the Yoast SEO plugin v25.9 - https:\/\/yoast.com\/wordpress\/plugins\/seo\/ -->\n<title>Pr\u00e9paration au Certificat Voltaire - Sans-faute<\/title>\n<meta name=\"description\" content=\"La pr\u00e9paration au Certificat Voltaire seul n&#039;est pas facile. Sans-faute vous accompagne pour maximiser vos chances d&#039;atteindre le score vis\u00e9.\" \/>\n<meta name=\"robots\" content=\"index, follow, max-snippet:-1, max-image-preview:large, max-video-preview:-1\" \/>\n<link rel=\"canonical\" href=\"https:\/\/cours-corrections-sans-faute.fr\/index.php\/cours-et-formation\/preparation-au-certificat-voltaire\/\" \/>\n<meta property=\"og:locale\" content=\"fr_FR\" \/>\n<meta property=\"og:type\" content=\"article\" \/>\n<meta property=\"og:title\" content=\"Pr\u00e9paration au Certificat Voltaire - Sans-faute\" \/>\n<meta property=\"og:description\" content=\"La pr\u00e9paration au Certificat Voltaire seul n&#039;est pas facile. Sans-faute vous accompagne pour maximiser vos chances d&#039;atteindre le score vis\u00e9.\" \/>\n<meta property=\"og:url\" content=\"https:\/\/cours-corrections-sans-faute.fr\/index.php\/cours-et-formation\/preparation-au-certificat-voltaire\/\" \/>\n<meta property=\"og:site_name\" content=\"Sans-faute\" \/>\n<meta property=\"article:publisher\" content=\"https:\/\/www.facebook.com\/Sans.faute78\/\" \/>\n<meta property=\"article:modified_time\" content=\"2023-12-14T10:54:46+00:00\" \/>\n<meta property=\"og:image\" content=\"https:\/\/cours-corrections-sans-faute.fr\/wp-content\/uploads\/2023\/10\/achievement-5597527_1280.png\" \/>\n<meta name=\"twitter:card\" content=\"summary_large_image\" \/>\n<meta name=\"twitter:label1\" content=\"Dur\u00e9e de lecture estim\u00e9e\" \/>\n\t<meta name=\"twitter:data1\" content=\"4 minutes\" \/>\n<script type=\"application\/ld+json\" class=\"yoast-schema-graph\">{\"@context\":\"https:\/\/schema.org\",\"@graph\":[{\"@type\":\"WebPage\",\"@id\":\"https:\/\/cours-corrections-sans-faute.fr\/index.php\/cours-et-formation\/preparation-au-certificat-voltaire\/\",\"url\":\"https:\/\/cours-corrections-sans-faute.fr\/index.php\/cours-et-formation\/preparation-au-certificat-voltaire\/\",\"name\":\"Pr\u00e9paration au Certificat Voltaire - Sans-faute\",\"isPartOf\":{\"@id\":\"https:\/\/cours-corrections-sans-faute.fr\/#website\"},\"primaryImageOfPage\":{\"@id\":\"https:\/\/cours-corrections-sans-faute.fr\/index.php\/cours-et-formation\/preparation-au-certificat-voltaire\/#primaryimage\"},\"image\":{\"@id\":\"https:\/\/cours-corrections-sans-faute.fr\/index.php\/cours-et-formation\/preparation-au-certificat-voltaire\/#primaryimage\"},\"thumbnailUrl\":\"https:\/\/cours-corrections-sans-faute.fr\/wp-content\/uploads\/2023\/10\/achievement-5597527_1280.png\",\"datePublished\":\"2023-10-12T13:06:06+00:00\",\"dateModified\":\"2023-12-14T10:54:46+00:00\",\"description\":\"La pr\u00e9paration au Certificat Voltaire seul n'est pas facile. Sans-faute vous accompagne pour maximiser vos chances d'atteindre le score vis\u00e9.\",\"breadcrumb\":{\"@id\":\"https:\/\/cours-corrections-sans-faute.fr\/index.php\/cours-et-formation\/preparation-au-certificat-voltaire\/#breadcrumb\"},\"inLanguage\":\"fr-FR\",\"potentialAction\":[{\"@type\":\"ReadAction\",\"target\":[\"https:\/\/cours-corrections-sans-faute.fr\/index.php\/cours-et-formation\/preparation-au-certificat-voltaire\/\"]}]},{\"@type\":\"ImageObject\",\"inLanguage\":\"fr-FR\",\"@id\":\"https:\/\/cours-corrections-sans-faute.fr\/index.php\/cours-et-formation\/preparation-au-certificat-voltaire\/#primaryimage\",\"url\":\"https:\/\/cours-corrections-sans-faute.fr\/wp-content\/uploads\/2023\/10\/achievement-5597527_1280.png\",\"contentUrl\":\"https:\/\/cours-corrections-sans-faute.fr\/wp-content\/uploads\/2023\/10\/achievement-5597527_1280.png\",\"width\":1280,\"height\":853,\"caption\":\"Image Pixabay\"},{\"@type\":\"BreadcrumbList\",\"@id\":\"https:\/\/cours-corrections-sans-faute.fr\/index.php\/cours-et-formation\/preparation-au-certificat-voltaire\/#breadcrumb\",\"itemListElement\":[{\"@type\":\"ListItem\",\"position\":1,\"name\":\"Accueil\",\"item\":\"https:\/\/cours-corrections-sans-faute.fr\/\"},{\"@type\":\"ListItem\",\"position\":2,\"name\":\"Cours et formations\",\"item\":\"https:\/\/cours-corrections-sans-faute.fr\/index.php\/cours-et-formation\/\"},{\"@type\":\"ListItem\",\"position\":3,\"name\":\"Pr\u00e9paration au Certificat Voltaire\"}]},{\"@type\":\"WebSite\",\"@id\":\"https:\/\/cours-corrections-sans-faute.fr\/#website\",\"url\":\"https:\/\/cours-corrections-sans-faute.fr\/\",\"name\":\"Sans-faute\",\"description\":\"Relecture et correction - Formation en orthographe\",\"publisher\":{\"@id\":\"https:\/\/cours-corrections-sans-faute.fr\/#organization\"},\"potentialAction\":[{\"@type\":\"SearchAction\",\"target\":{\"@type\":\"EntryPoint\",\"urlTemplate\":\"https:\/\/cours-corrections-sans-faute.fr\/?s={search_term_string}\"},\"query-input\":{\"@type\":\"PropertyValueSpecification\",\"valueRequired\":true,\"valueName\":\"search_term_string\"}}],\"inLanguage\":\"fr-FR\"},{\"@type\":\"Organization\",\"@id\":\"https:\/\/cours-corrections-sans-faute.fr\/#organization\",\"name\":\"Sans-faute\",\"url\":\"https:\/\/cours-corrections-sans-faute.fr\/\",\"logo\":{\"@type\":\"ImageObject\",\"inLanguage\":\"fr-FR\",\"@id\":\"https:\/\/cours-corrections-sans-faute.fr\/#\/schema\/logo\/image\/\",\"url\":\"https:\/\/cours-corrections-sans-faute.fr\/wp-content\/uploads\/2021\/02\/cropped-logo-correction-et-formation.png\",\"contentUrl\":\"https:\/\/cours-corrections-sans-faute.fr\/wp-content\/uploads\/2021\/02\/cropped-logo-correction-et-formation.png\",\"width\":500,\"height\":155,\"caption\":\"Sans-faute\"},\"image\":{\"@id\":\"https:\/\/cours-corrections-sans-faute.fr\/#\/schema\/logo\/image\/\"},\"sameAs\":[\"https:\/\/www.facebook.com\/Sans.faute78\/\",\"https:\/\/www.instagram.com\/sansfaute1\/\",\"https:\/\/www.linkedin.com\/in\/anne-laure-gruet-68209618b\/\"]}]}<\/script>\n<!-- \/ Yoast SEO plugin. -->","yoast_head_json":{"title":"Pr\u00e9paration au Certificat Voltaire - Sans-faute","description":"La pr\u00e9paration au Certificat Voltaire seul n'est pas facile. Sans-faute vous accompagne pour maximiser vos chances d'atteindre le score vis\u00e9.","robots":{"index":"index","follow":"follow","max-snippet":"max-snippet:-1","max-image-preview":"max-image-preview:large","max-video-preview":"max-video-preview:-1"},"canonical":"https:\/\/cours-corrections-sans-faute.fr\/index.php\/cours-et-formation\/preparation-au-certificat-voltaire\/","og_locale":"fr_FR","og_type":"article","og_title":"Pr\u00e9paration au Certificat Voltaire - Sans-faute","og_description":"La pr\u00e9paration au Certificat Voltaire seul n'est pas facile. Sans-faute vous accompagne pour maximiser vos chances d'atteindre le score vis\u00e9.","og_url":"https:\/\/cours-corrections-sans-faute.fr\/index.php\/cours-et-formation\/preparation-au-certificat-voltaire\/","og_site_name":"Sans-faute","article_publisher":"https:\/\/www.facebook.com\/Sans.faute78\/","article_modified_time":"2023-12-14T10:54:46+00:00","og_image":[{"url":"https:\/\/cours-corrections-sans-faute.fr\/wp-content\/uploads\/2023\/10\/achievement-5597527_1280.png","type":"","width":"","height":""}],"twitter_card":"summary_large_image","twitter_misc":{"Dur\u00e9e de lecture estim\u00e9e":"4 minutes"},"schema":{"@context":"https:\/\/schema.org","@graph":[{"@type":"WebPage","@id":"https:\/\/cours-corrections-sans-faute.fr\/index.php\/cours-et-formation\/preparation-au-certificat-voltaire\/","url":"https:\/\/cours-corrections-sans-faute.fr\/index.php\/cours-et-formation\/preparation-au-certificat-voltaire\/","name":"Pr\u00e9paration au Certificat Voltaire - Sans-faute","isPartOf":{"@id":"https:\/\/cours-corrections-sans-faute.fr\/#website"},"primaryImageOfPage":{"@id":"https:\/\/cours-corrections-sans-faute.fr\/index.php\/cours-et-formation\/preparation-au-certificat-voltaire\/#primaryimage"},"image":{"@id":"https:\/\/cours-corrections-sans-faute.fr\/index.php\/cours-et-formation\/preparation-au-certificat-voltaire\/#primaryimage"},"thumbnailUrl":"https:\/\/cours-corrections-sans-faute.fr\/wp-content\/uploads\/2023\/10\/achievement-5597527_1280.png","datePublished":"2023-10-12T13:06:06+00:00","dateModified":"2023-12-14T10:54:46+00:00","description":"La pr\u00e9paration au Certificat Voltaire seul n'est pas facile. Sans-faute vous accompagne pour maximiser vos chances d'atteindre le score vis\u00e9.","breadcrumb":{"@id":"https:\/\/cours-corrections-sans-faute.fr\/index.php\/cours-et-formation\/preparation-au-certificat-voltaire\/#breadcrumb"},"inLanguage":"fr-FR","potentialAction":[{"@type":"ReadAction","target":["https:\/\/cours-corrections-sans-faute.fr\/index.php\/cours-et-formation\/preparation-au-certificat-voltaire\/"]}]},{"@type":"ImageObject","inLanguage":"fr-FR","@id":"https:\/\/cours-corrections-sans-faute.fr\/index.php\/cours-et-formation\/preparation-au-certificat-voltaire\/#primaryimage","url":"https:\/\/cours-corrections-sans-faute.fr\/wp-content\/uploads\/2023\/10\/achievement-5597527_1280.png","contentUrl":"https:\/\/cours-corrections-sans-faute.fr\/wp-content\/uploads\/2023\/10\/achievement-5597527_1280.png","width":1280,"height":853,"caption":"Image Pixabay"},{"@type":"BreadcrumbList","@id":"https:\/\/cours-corrections-sans-faute.fr\/index.php\/cours-et-formation\/preparation-au-certificat-voltaire\/#breadcrumb","itemListElement":[{"@type":"ListItem","position":1,"name":"Accueil","item":"https:\/\/cours-corrections-sans-faute.fr\/"},{"@type":"ListItem","position":2,"name":"Cours et formations","item":"https:\/\/cours-corrections-sans-faute.fr\/index.php\/cours-et-formation\/"},{"@type":"ListItem","position":3,"name":"Pr\u00e9paration au Certificat Voltaire"}]},{"@type":"WebSite","@id":"https:\/\/cours-corrections-sans-faute.fr\/#website","url":"https:\/\/cours-corrections-sans-faute.fr\/","name":"Sans-faute","description":"Relecture et correction - Formation en orthographe","publisher":{"@id":"https:\/\/cours-corrections-sans-faute.fr\/#organization"},"potentialAction":[{"@type":"SearchAction","target":{"@type":"EntryPoint","urlTemplate":"https:\/\/cours-corrections-sans-faute.fr\/?s={search_term_string}"},"query-input":{"@type":"PropertyValueSpecification","valueRequired":true,"valueName":"search_term_string"}}],"inLanguage":"fr-FR"},{"@type":"Organization","@id":"https:\/\/cours-corrections-sans-faute.fr\/#organization","name":"Sans-faute","url":"https:\/\/cours-corrections-sans-faute.fr\/","logo":{"@type":"ImageObject","inLanguage":"fr-FR","@id":"https:\/\/cours-corrections-sans-faute.fr\/#\/schema\/logo\/image\/","url":"https:\/\/cours-corrections-sans-faute.fr\/wp-content\/uploads\/2021\/02\/cropped-logo-correction-et-formation.png","contentUrl":"https:\/\/cours-corrections-sans-faute.fr\/wp-content\/uploads\/2021\/02\/cropped-logo-correction-et-formation.png","width":500,"height":155,"caption":"Sans-faute"},"image":{"@id":"https:\/\/cours-corrections-sans-faute.fr\/#\/schema\/logo\/image\/"},"sameAs":["https:\/\/www.facebook.com\/Sans.faute78\/","https:\/\/www.instagram.com\/sansfaute1\/","https:\/\/www.linkedin.com\/in\/anne-laure-gruet-68209618b\/"]}]}},"_links":{"self":[{"href":"https:\/\/cours-corrections-sans-faute.fr\/index.php\/wp-json\/wp\/v2\/pages\/731","targetHints":{"allow":["GET"]}}],"collection":[{"href":"https:\/\/cours-corrections-sans-faute.fr\/index.php\/wp-json\/wp\/v2\/pages"}],"about":[{"href":"https:\/\/cours-corrections-sans-faute.fr\/index.php\/wp-json\/wp\/v2\/types\/page"}],"author":[{"embeddable":true,"href":"https:\/\/cours-corrections-sans-faute.fr\/index.php\/wp-json\/wp\/v2\/users\/1"}],"replies":[{"embeddable":true,"href":"https:\/\/cours-corrections-sans-faute.fr\/index.php\/wp-json\/wp\/v2\/comments?post=731"}],"version-history":[{"count":7,"href":"https:\/\/cours-corrections-sans-faute.fr\/index.php\/wp-json\/wp\/v2\/pages\/731\/revisions"}],"predecessor-version":[{"id":739,"href":"https:\/\/cours-corrections-sans-faute.fr\/index.php\/wp-json\/wp\/v2\/pages\/731\/revisions\/739"}],"up":[{"embeddable":true,"href":"https:\/\/cours-corrections-sans-faute.fr\/index.php\/wp-json\/wp\/v2\/pages\/12"}],"wp:attachment":[{"href":"https:\/\/cours-corrections-sans-faute.fr\/index.php\/wp-json\/wp\/v2\/media?parent=731"}],"curies":[{"name":"wp","href":"https:\/\/api.w.org\/{rel}","templated":true}]}}